?
False
Let n(c) = c**2 - 1136*c + 557*c + 563*c + 65. Is n(9) a prime number?
True
Let l(t) = 283*t + 8. Let y = -40 + 47. Let w(b) = 567*b + 17. Let n(o) = y*l(o) - 3*w(o). Is n(5) prime?
False
Suppose 120 - 144 = -4*i. Let d(k) = 110*k**2 - 30*k + 7. Is d(i) prime?
False
Suppose -13054*c = -13077*c + 32407. Is c a composite number?
False
Suppose 4*a = 7 + 29. Suppose 0 = -4*y - f + a + 9, 2*y - 6 = -2*f. Suppose 0 = y*z + 1107 - 9092. Is z prime?
True
Suppose p + 309692 = 4*z, -z + 0*p - 5*p = -77423. Is z a composite number?
True
Suppose 4*m = 14978 + 11282. Let n(v) = 53*v**2 + 112*v + 73. Let l be n(-9). Let i = m - l. Is i composite?
True
Let b = -84 + 713. Suppose 4*f - l - b - 583 = 0, -f + l + 306 = 0. Is f prime?
False
Let p(h) = -h**3 + 12*h**2 + 12*h + 9. Let f be p(13). Let g be 1/(4/(-112)*f). Is (-15032)/(-56) + 4/g composite?
False
Suppose 53*z - 3575789 - 3034568 = -318780. Is z a prime number?
True
Suppose 0 = -2*r - 0*r - 88. Let d = r + 44. Is 1*(d + -2) + (-951)/(-1) a composite number?
True
Let d = -42 - -55. Suppose 0 = -5*z - 0*c - 5*c + 35, c = 4*z - d. Is 1325/z + 1 + (-5)/4 prime?
True
Let y(b) = 13*b - 7*b + 184*b**2 + 13 + 51*b**2 + 12*b - 222*b**2. Suppose 5*v - 5*d + 85 = 20, 2*v - 4*d = -36. Is y(v) prime?
True
Suppose -4*y - 2 = 2. Suppose 0 = 4*h - 3*m + 3652, 3*h + 394 = 2*m - 2346. Is 4 + h/y - 1 a prime number?
True
Let f(i) = i**3 + 34*i**2 - 70*i + 36. Let m be f(-35). Suppose 2*d - m = -5*v, 7*v + 257 = 8*v + 2*d. Is v prime?
True
Suppose -3*d + 9319 = -30239. Suppose -y + 5*u = -4*y + d, -5*y = u - 21984. Is y a prime number?
True
Let i = 598 - 1006. Suppose -748 = 2*t - 3342. Let k = i + t. Is k composite?
True
Let f = 22 + -17. Let u be 60/(-75) + (-18641)/f. Let p = u + 5698. Is p composite?
True
Let b = -117906 + 191453. Is b composite?
False
Let k be (189/84)/(3/8). Let t be (-70)/42 + (-2)/k. Is (-2)/(-6)*(3 - t*2832) prime?
True
Let b = -114 - -138. Suppose 0 = -b*s + 52*s - 125636. Is s composite?
True
Suppose -i + 7*p + 12 = 3*p, 0 = 5*i - 5*p - 120. Suppose 417 = 4*u - o, u - o - 77 = i. Let g = 41 + u. Is g a prime number?
False
Let l = 24148 - -106935. Is l a prime number?
False
Suppose -102*u + 4378362 = 1799202 - 4811862. Is u a prime number?
True
Let b(y) = 2*y**2 + 6*y - 9. Let d be 208/(-13)*(-2)/(-4)*-3. Let n be 19/(-2) - 12/d. Is b(n) a composite number?
False
Let n(q) = -q**3 + 6*q**2 + 2*q - 14. Let z be n(6). Is 304/(-171) + z/9 + 7983 a composite number?
True
Let s = 115307 + 112542. Is s composite?
False
Suppose 1060 = 2*j - 456. Suppose 834 = 4*n - 90. Let b = j - n. Is b a composite number?
True
Suppose 0 = -4*t - 5*t - 25*t + 1708262. Is t prime?
False
Let b(l) = 2*l + 49. Let d be b(24). Let i = d + -93. Suppose i*y - y = -3*u + 3528, 4*y - 4749 = 5*u. Is y composite?
False
Suppose s - 606*g + 601*g - 54006 = 0, 0 = -2*g - 10. Is s composite?
True
Suppose v = 5*m + 58, -m + 32 = -4*m + 2*v. Let d = 11 + m. Is d + 1064/2 + 2 prime?
False
Suppose -16*o - 46*o + 1432483 = 151377. Is o composite?
False
Let o = -47 + 62. Suppose -14*q = o*q - 21605. Is q prime?
False
Suppose 0 = 15*m - 4*m - 66. Suppose m*p + 48 = 18*p. Is (-8224)/(-48)*(-2)/p*-3 prime?
True
Let n = 21 - 17. Suppose -4*w + s - 1398 = 0, -5*w - 1712 = -n*s + 41. Let c = w + 758. Is c prime?
True
Let s(i) = 11553*i**2 - 50*i + 85. Is s(-6) a composite number?
True
Let g(j) be the first derivative of 61*j**2/2 + 22*j + 57. Is g(7) composite?
False
Let b = 722 + -711. Is b/(99/36) - -7981 a prime number?
False
Let d(n) = -n**3 + 4*n**2 - 3*n + 3. Let g be d(2). Let v = -3578 - -5175. Suppose g*l + b - v = -2*b, 0 = -5*b + 20. Is l prime?
True
Suppose -4*n = -3*q + 2*q - 68240, 0 = -q - 4. Is n prime?
False
Is ((-295607744)/26)/(-8) + 4/(-52) a composite number?
False
Let r(c) = 1374*c**2 + 103*c - 1634. Is r(15) prime?
False
Suppose -195922 = -2*m - 27*z + 28*z, 5*m = 5*z + 489805. Is m a composite number?
False
Let h be (-8)/44 - 270/(-33). Let r(b) = 50*b - 18. Is r(h) a composite number?
True
Suppose 0 = -29*w + 31*w - 1748. Let z be -1 - ((-2 - 266) + 0). Let i = w + z. Is i a prime number?
False
Suppose 2*u - 3*a = -13 + 4, 0 = 3*a - 15. Let p = 5 + u. Suppose y + 5 = z, -z + p + 1 = y. Is z prime?
True
Let f(m) = -2*m - 20. Let p be f(-3). Let c = p - -16. Suppose l + 3*d - 141 = 0, 0 = d + c*d. Is l prime?
False
Suppose -19*x + 31*x + 58640150 = 62*x. Is x a composite number?
False
Suppose 3*s = -2*h - 5419, h + 4*s = 5*s - 2707. Let y = -1779 - h. Suppose -3*q - y = -2*p, 1 = q - 2. Is p a prime number?
False
Let h(y) = -y + 30. Let b be h(19). Suppose -m = -2*m + n + 9, 0 = -4*m - n + b. Suppose 5*k = -5*x + 1240, 0*k + 3*k + m*x = 739. Is k composite?
True
Suppose -7776 - 7208 = -4*g. Suppose 3*k + 7487 = -f + 3*f, f - g = -k. Let r = -474 + f. Is r composite?
False
Let z = 2186 - -3005. Is z a prime number?
False
Let i(c) = -220*c**3 + 3*c**2 + 4*c - 2. Let o = 269 - 272. Is i(o) a prime number?
True
Let u(j) = -4*j**2 - 9*j - 5. Let k be u(-2). Let f be (-6)/(-45)*k - (-113346)/15. Suppose -5*t - f = -19311. Is t composite?
False
Suppose -3675 = 8*j - 16107. Is (j/(-15))/(6/(-15)) a prime number?
False
Let q be (-56158)/(-10) + -1 + 336/(-420). Suppose l + 877 - 3681 = 3*v, 0 = 2*l - 4*v - q. Is l a composite number?
True
Suppose 10*c + 49096 + 68264 = 0. Let n = 16907 + c. Is n a composite number?
False
Suppose -3*p = 2 - 20. Let s = 1 + -6. Is 198 - 0 - (s + p + -2) a composite number?
False
Suppose -82206 - 38409 = -55*y. Let b(k) = -3*k**3 - 2. Let h be b(6). Let s = y + h. Is s composite?
False
Suppose 56*i - 34 - 78 = 0. Suppose 4810 = i*t - 4*a, a - 11297 + 4061 = -3*t. Is t a composite number?
False
Let n be (20/30)/((-2)/(-3)). Suppose -2*h = 2*q - 12, 2*h = q - n + 10. Suppose h*f = m + 2*m + 281, 230 = 4*f - 5*m. Is f a prime number?
False
Let n(q) = 464*q**3 - 10*q**2 + 71. Let w(h) = -155*h**3 + 3*h**2 - 24. Let k(j) = -3*n(j) - 8*w(j). Is k(-4) composite?
False
Suppose -19*v + 1127534 = 8*v - 4790515. Is v a composite number?
False
Suppose 8*k = 5*k + 8364. Let m = 10963 + k. Is m a prime number?
True
Let z = -19952 - -118801. Is z a prime number?
True
Suppose -53*p - 57*p = -120*p + 3465830. Is p a composite number?
True
Let l(w) = 9*w - 1254. Let q(x) = -11*x + 1253. Let t(p) = -6*l(p) - 5*q(p). Is t(0) prime?
True
Let w(r) = -r + 1. Let c be w(-7). Is (4/6)/(c/14916) a composite number?
True
Let l = -1806882 - -3231829. Is l a composite number?
False
Let j = -683 - -684. Is j*(-3 - (2 - 1846)) composite?
True
Let t(g) = 604*g**3 + g**2 - 5*g - 3. Is t(5) prime?
False
Let r(j) = -32031*j + 986. Is r(-11) composite?
True
Suppose 1 = q, 3*q - 7*q = 2*r - 65636. Suppose -3*o + r - 6665 = 0. Is o a prime number?
False
Is 1674701/23 + 4 - 106/1219 a composite number?
False
Let j(z) = 11214*z**2 + 3241*z + 19. Is j(-6) a prime number?
True
Suppose -6 + 21 = 2*b + 5*j, -5*j = 4*b - 25. Suppose b*i - 175324 = g, -38908 - 31225 = -2*i - 3*g. Is i composite?
True
Suppose 5*i = 2*v - 1 - 0, -4*i = -5*v + 11. Suppose i = l, 5*z + 0*l = -l + 1. Suppose 3*p + z*b - b = 2220, -5*p - 5*b = -3680. Is p composite?
False
Let g = -1204 - 474. Is (g/(-4))/(11/22) a composite number?
False
Suppose 4*r - b = -39, r - 5*b + 2*b = -18. Let i be (r - 172) + (-6)/(-2). Let d = i - -687. Is d composite?
False
Let y = 12515 - 1416. Is y prime?
False
Let t(z) = -13531*z - 2204. Is t(-7) a composite number?
True
Suppose -5*i + 2973593 = 7*o, -i - 615147 = -2*o + 234451. Is o composite?
True
Let z(q) = -3*q**2 + 5*q - 28. Let k(t) = -t**2 + 2*t - 14. Let b(p) = 5*k(p) - 3*z(p). Suppose -4*u + 20 = r, r = u - 2*u + 8. Is b(u) composite?
True
Suppose 5*c + 5*i = 53930, 13*c - 15*c - 5*i = -21587. Is c a prime number?
True
Let m be (28*1)/((-50)/(-10125)). Suppose x - m - 5753 = 0. Is x a composite number?
False
Let a be (-1 + 2)*5 + (-30)/6. Let x(r) = 2192 + r + 1077 - 252. Is x(a) a prime number?
False
Suppose 0 = -5*i + 2*a + 5788311, 264 = -4*a + 272. Is i prime?
False
Let c = 515989 - -53458. Is c a prime number?
True
Let p be 8920/6 - 29/(-87). Suppose 2*t = 1475 + p. Is t a composite number?
False
Is (-371780)/(-87)*(-18)/(-4) - (-2 - 3) a prime number?
False
Is (-92)/(-207) + 616916/36 a prime number?
True
Su